 -6 = d - 1, 3*d + 240 = 5*j. Suppose -3*l - 5*m = -0*l - 50, 5*m - 30 = -l. Suppose -168 = -l*y + 3*y. Calculate the remainder when j is divided by y.
21
Suppose -1 + 3 = v. Suppose -2*g = v*g - 16. Let r = 2634 - 2630. What is the remainder when r is divided by g?
0
Let z be (3 - 2)*2/(-2). Let d be z/6 - 211/(-6). Suppose 64 = 3*s - d. Calculate the remainder when s is divided by 18.
15
Let d(k) = 4*k. Suppose 0 = 3*f + 2*i - 169, 103*i - 106*i = -3*f + 189. What is the remainder when f is divided by d(3)?
11
Suppose -2*b - 2*a + 2605 = -3761, 0 = -2*b + 2*a + 6386. Suppose -16*q + b = -396. Calculate the remainder when q is divided by 46.
40
Let s = 121 + -97. What is the remainder when (95/(-4))/((-165)/(-24) - 7) is divided by s?
22
Let q(t) = t**3 - 7. Let k be q(0). Let v(n) = -n. Calculate the remainder when (-454)/(-46) - 786/(-6026) is divided by v(k).
3
Let m(g) = g**3 + 16*g**2 + 28*g + 3. Let l be m(-14). Let r be -1 - (3 - (l + -8 + 0)). What is the remainder when (-15)/3 + 2 - (0 + r) is divided by 1?
0
Suppose -9269 - 3295 = -36*j. What is the remainder when j is divided by 77?
41
Suppose -2*z + 1 = m, -m + 2*z = z - 7. Suppose -3*s + 39 = 3*f, f = m*s + 5*f - 64. What is the remainder when 238 is divided by s?
10
Suppose -18*n = 5*n - 1449. What is the remainder when 311 is divided by n?
59
Suppose 37 = -4*h + 3*f, 0 = -h + 6*f - f - 5. Let q(t) = -2*t + 11. Let v be q(h). Suppose 0 = -5*n + 261 - v. Calculate the remainder when n is divided by 24.
22
Suppose -15 = z - 5*d, 0 = 3*z - d - 2*d + 9. Suppose -5*v = -4*v - 5, z = 2*y + 4*v - 2. What is the remainder when 14 is divided by (9/(-6))/(y/24)?
2
Let d(a) = -a**3 + 30*a**2 - 28*a - 4. Let m(f) = -f**2 - 35*f - 227. Calculate the remainder when d(29) is divided by m(-9).
4
Suppose 16*t - 2 = 15*t. Let y be t - (-2 - (-1 - -1)). Suppose -4*n + 456 = 4*w - 0*n, -2*w = -y*n - 210. Calculate the remainder when w is divided by 28.
27
Suppose 129*v - 133*v - 9 = -385. Calculate the remainder when 575 is divided by v.
11
Let s(c) = c**3 - 7*c**2 - 7*c + 7. Let x(o) = -o**3 + o**2 + 8. Let q be x(0). Calculate the remainder when 52 is divided by s(q).
7
Suppose -2334 = 2*t + 7*g - 4*g, 2318 = -2*t + 5*g. Let d = t + 380. What is the remainder when 106 is divided by d/(-48) + 2/(-6)?
10
Let z(l) = 185*l + 4761. Calculate the remainder when z(-14) is divided by 99.
92
Suppose -3*v + 0*r + r + 1899 = 0, -5*r = -2*v + 1253. Suppose 2*l - 3 = 1, 2*l = -5*n + v. What is the remainder when n is divided by 32?
30
Suppose 27*l - 17*l - 770 = 0. What is the remainder when l + -4 - -2 - (-1 - 2) is divided by 5?
3
Let a = 521 - -27. Let d = 228 - a. What is the remainder when 62 is divided by 1/(-3 - d/105)?
20
Calculate the remainder when 3023 is divided by 68/1190 - 486/(-70).
6
Let n(m) = -11*m - 1 - 4 - 5 + 2. Let c be 13/52 + 25/(-4). Calculate the remainder when n(c) is divided by 30.
28
Suppose -20 = 3*c + 2*c. Let q be 15 - (-5 + 11 - -6). Calculate the remainder when 13 is divided by 2/(2 + c/q).
1
Let h = 44 + -14. What is the remainder when 156/(-30)*45/(-2) is divided by h?
27
Suppose 0*s - v = -s + 15, 2*v - 36 = -4*s. Suppose u + 3*d - s = 2*d, -5*u - 4*d + 53 = 0. Calculate the remainder when 61 is divided by u.
7
Suppose 0 = -63*d + 21776 + 30703. What is the remainder when d is divided by 36?
5
Suppose 57*u + 2824 = 4*m + 56*u, 3*m - u - 2119 = 0. Calculate the remainder when m is divided by 65.
55
Let j be (3 - 26/6)/((-1)/(-105)). Let a = -135 - j. Calculate the remainder when a is divided by 9/27 + 4/6.
0
Let m = 11540 + -11498. What is the remainder when 266 is divided by m?
14
Let o be 198/16 + (-222)/592. Suppose -4*s = 4*d - 128, s - o = 5*s. Calculate the remainder when 106 is divided by d.
1
Let d(g) = -g**3 - 22*g**2 - 22*g - 14. Let c(m) = -3*m**3 - 5*m**2 + 64. Calculate the remainder when c(0) is divided by d(-21).
1
Suppose -20*k + 19*k - r + 48 = 0, 5*k - 232 = -3*r. What is the remainder when 98 is divided by k?
10
Let s be 22/187 + 242/(-34). Calculate the remainder when 3 - 7/(s/207) is divided by 54.
48
Suppose -4*g - 3*b = 2*b - 337, 2*g = 5*b + 131. What is the remainder when 776 is divided by g?
74
Let b(u) be the first derivative of 200*u**3/3 + u**2/2 + 6*u - 311. Calculate the remainder when b(-2) is divided by 23.
22
What is the remainder when -8*(-26)/(1976/6213) is divided by 87?
45
Let x = -10 - -20. Let p(q) = -4*q + 56. Let v be p(11). Suppose -v*l = -0*l - 396. Calculate the remainder when l is divided by x.
3
Let u(x) = -2*x - 2. Let y be u(-1). Suppose y = 6*m - 9*m. What is the remainder when (1 - m)/(((-24)/6)/(-312)) is divided by 20?
18
Let q = -17 + 28. Calculate the remainder when (-1053)/(-162)*(-2 - -12) is divided by q.
10
Suppose 0 = -2*f - 2*o + 2, 0 = -f - 4*o - 2. Suppose -374 = f*z - 19*z. Calculate the remainder when z is divided by 6.
4
Suppose 2*d + 46*s = 48*s + 432, d + 2*s = 216. Calculate the remainder when d is divided by 97.
22
Suppose -5648 + 392 = -3*m. Suppose -m = -2*i - 10*i. What is the remainder when i is divided by 21?
20
What is the remainder when 232 is divided by (6 - 5)*1 - -17?
16
Suppose -13*a = -17648 + 6182. What is the remainder when a is divided by 15?
12
Suppose -114*x = -223*x + 3488. Let r = -260 - -379. What is the remainder when r is divided by x?
23
Suppose -5*y + 59*p - 56*p + 2400 = 0, 0 = 2*y - 5*p - 960. Calculate the remainder when y is divided by 68.
4
Let d = 14132 + -13822. Calculate the remainder when d is divided by 52.
50
Suppose -15 = 5*q, -2*q + 1 = -4*m + 127. What is the remainder when 427 is divided by m?
7
Suppose 10*v = 4*r + 192, -v - 5*r = -1 - 2. What is the remainder when 233 is divided by v?
17
Suppose 2*a - 430 = -102. What is the remainder when a is divided by 2/((24/(-930))/(-2))?
9
Suppose 10*i - 1320 = 100. What is the remainder when i is divided by 73?
69
Suppose 0 = -30*x + 16743 + 1227. What is the remainder when x is divided by 120?
119
Let z = -12548 + 13378. Calculate the remainder when z is divided by 82.
10
Suppose 37*j = 35*j + 234. Suppose -9*g + j = -45. Calculate the remainder when 195 is divided by g.
15
Let q = 51 + -4. Calculate the remainder when q is divided by (-8)/1*8/(-16).
3
Suppose 4*l = -5*n + 1206, 22*l - 21*l = 5*n - 1211. What is the remainder when n is divided by 32?
18
Calculate the remainder when ((-2)/(-1))/(2/25) is divided by 384/60 + (-420)/175.
1
Suppose -5*w + 5*z = 215, 0 = -2*z - z - 3. Let c = 49 + w. Suppose 4*q - 166 = c*y, -4*y = -4*q + 94 + 70. Calculate the remainder when q is divided by 20.
19
Suppose 32*f - 262*f = -10580. Calculate the remainder when 94 is divided by f.
2
Let k = -62 - -87. Suppose -k = i + 4*i. Calculate the remainder when 23 is divided by 16/72 - 11/9 - i.
3
Suppose -9*s - 11*s + 665 = -s. What is the remainder when 174 is divided by s?
34
Let x = -12 - 1. Let r be (-3293)/111 + (-3 - 28/(-6)). Let c = x - r. What is the remainder when 27 is divided by c?
12
Let d be (-38988)/(-81) + (-2)/6. Let r = d + -468. Let a(n) = -n**3 - 6*n**2 + 13*n + 3. Calculate the remainder when a(-9) is divided by r.
12
Let t(j) = 4*j**2 + 8*j + 8. Let p be t(-4). Suppose 3*u + 20 = 5, 5*g - 4*u = p. Suppose -2 = g*r - 22. What is the remainder when 15 is divided by r?
0
Let s(g) = g**2 + 11*g - 19. Suppose -2*l + 76 = 66. Let n be s(l). Let j = n + -49. Calculate the remainder when 22 is divided by j.
10
Suppose 2*c + 5 - 1 = 0, -3*c = -3*h + 33. Suppose -3*g - u = -104, 0 = 7*g - h*g + 3*u + 62. What is the remainder when g is divided by 9?
7
Let v = 292 - 289. Suppose -206 = -5*a + 7*h - v*h, -5*a - 2*h = -212. Calculate the remainder when 329 is divided by a.
35
Suppose 2*o - 7*o = -5*n + 405, -3*n + 180 = 4*o. Calculate the remainder when 9789 is divided by n.
69
Let s(b) = b**2 - 10*b + 19. Let r be s(7). Let g(t) = -2*t**3 + 2*t**2 - 4*t - 7. What is the remainder when g(r) is divided by (-78)/(-9) - (-4)/(-6)?
1
Let j = -14607 + 14651. What is the remainder when 307 is divided by j?
43
Calculate the remainder when 5/(10/(-112))*(-3393)/52 is divided by 159.
156
Let u = 154 - 114. Suppose 8*s - u + 0 = 0. What is the remainder when 92 is divided by s?
2
Suppose 3*o + 10*m - 25079 = 8*m, 9*o = 2*m + 75229. Calcu